{"id":685,"date":"2022-07-22T13:35:34","date_gmt":"2022-07-22T13:35:34","guid":{"rendered":"https:\/\/waermeverbund-stniklaus.ch\/?page_id=685"},"modified":"2022-07-23T08:15:19","modified_gmt":"2022-07-23T08:15:19","slug":"die-fernheizung","status":"publish","type":"page","link":"https:\/\/waermeverbund-stniklaus.ch\/?page_id=685","title":{"rendered":"3 Die Fernheizung"},"content":{"rendered":"\t\t<div data-elementor-type=\"wp-page\" data-elementor-id=\"685\" class=\"elementor elementor-685\">\n\t\t\t\t\t\t\t\t\t<section class=\"has_ma_el_bg_slider elementor-section elementor-top-section elementor-element elementor-element-1919dcb elementor-section-full_width elementor-section-height-default elementor-section-height-default jltma-glass-effect-no\" data-id=\"1919dcb\" data-element_type=\"section\" data-settings=\"{&quot;background_background&quot;:&quot;classic&quot;}\">\n\t\t\t\t\t\t<div class=\"elementor-container elementor-column-gap-default\">\n\t\t\t\t\t<div class=\"has_ma_el_bg_slider elementor-column elementor-col-100 elementor-top-column elementor-element elementor-element-3417278a jltma-glass-effect-no\" data-id=\"3417278a\" data-element_type=\"column\">\n\t\t\t<div class=\"elementor-widget-wrap elementor-element-populated\">\n\t\t\t\t\t\t\t\t<div class=\"elementor-element elementor-element-32d7e5e7 jltma-dropdown-breakpoints-mobile jltma-menu-alignment-center jltma-icon-position-right jltma-dropdown-align-flex-start jltma-toggle-view-stacked jltma-toggle-shape-square jltma-main-menu-item-border-type-default jltma-dropdown-border-type-default jltma-dropdown-main-level-border-type-default jltma-dropdown-item-border-type-default jltma-pointer-none jltma-glass-effect-no elementor-widget elementor-widget-ma-navmenu\" data-id=\"32d7e5e7\" data-element_type=\"widget\" data-settings=\"{&quot;dropdown_breakpoints&quot;:&quot;mobile&quot;,&quot;layout&quot;:&quot;horizontal&quot;}\" data-widget_type=\"ma-navmenu.default\">\n\t\t\t\t<div class=\"elementor-widget-container\">\n\t\t\t<nav class=\"jltma-nav-menu__main jltma-nav-menu__container default-main-icon-hide  jltma-layout-horizontal\" data-icon-main=\"fas fa-chevron-down\" data-icon-sub=\"\"><ul id=\"menu-1-32d7e5e7\" class=\"jltma-nav-menu__container-inner\"><li id=\"menu-item-991\" class=\"menu-item menu-item-type-post_type menu-item-object-page menu-item-home menu-item-991\"><a href=\"https:\/\/waermeverbund-stniklaus.ch\/\" class=\"jltma-nav-menu__dropdown-item jltma-nav-menu__item-link-top\"><span class=\"jltma-nav-menu__main-item-text-wrap\"><span class=\"jltma-nav-menu__main-item-text\">Startseite<\/span><\/span><span class=\"jltma-animation\"><\/span><\/a><\/li>\n<li id=\"menu-item-992\" class=\"menu-item menu-item-type-post_type menu-item-object-page menu-item-992\"><a href=\"https:\/\/waermeverbund-stniklaus.ch\/?page_id=676\" class=\"jltma-nav-menu__dropdown-item jltma-nav-menu__item-link-top\"><span class=\"jltma-nav-menu__main-item-text-wrap\"><span class=\"jltma-nav-menu__main-item-text\">Die Genossenschaft<\/span><\/span><span class=\"jltma-animation\"><\/span><\/a><\/li>\n<li id=\"menu-item-993\" class=\"menu-item menu-item-type-post_type menu-item-object-page menu-item-993\"><a href=\"https:\/\/waermeverbund-stniklaus.ch\/?page_id=685\" class=\"jltma-nav-menu__dropdown-item jltma-nav-menu__item-link-top\"><span class=\"jltma-nav-menu__main-item-text-wrap\"><span class=\"jltma-nav-menu__main-item-text\">Die Fernheizung<\/span><\/span><span class=\"jltma-animation\"><\/span><\/a><\/li>\n<li id=\"menu-item-994\" class=\"menu-item menu-item-type-post_type menu-item-object-page menu-item-994\"><a href=\"https:\/\/waermeverbund-stniklaus.ch\/?page_id=703\" class=\"jltma-nav-menu__dropdown-item jltma-nav-menu__item-link-top\"><span class=\"jltma-nav-menu__main-item-text-wrap\"><span class=\"jltma-nav-menu__main-item-text\">Ihr Anschluss<\/span><\/span><span class=\"jltma-animation\"><\/span><\/a><\/li>\n<li id=\"menu-item-995\" class=\"menu-item menu-item-type-post_type menu-item-object-page menu-item-995\"><a href=\"https:\/\/waermeverbund-stniklaus.ch\/?page_id=787\" class=\"jltma-nav-menu__dropdown-item jltma-nav-menu__item-link-top\"><span class=\"jltma-nav-menu__main-item-text-wrap\"><span class=\"jltma-nav-menu__main-item-text\">Kontakt<\/span><\/span><span class=\"jltma-animation\"><\/span><\/a><\/li>\n<\/ul><\/nav><div class=\"jltma-nav-menu__toggle-container jltma-layout-horizontal jltma-menu-dropdown-type-\"><div class=\"jltma-nav-menu__toggle\"><span class=\"jltma-toggle-icon\"><i class=\"eicon-menu-bar\"><\/i><\/span><span class=\"jltma-toggle-icon-active\"><i class=\"eicon-close\"><\/i><\/span><\/div><\/div><nav class=\"jltma-nav-menu__dropdown jltma-nav-menu__container jltma-layout-horizontal jltma-menu-dropdown-type- jltma-arrow-animation-\" data-icon-sub=\"\"><ul id=\"jltma_menu-4-32d7e5e7\" class=\"jltma-nav-menu__container-inner jltma-nav-menu-dropdown\"><li class=\"menu-item menu-item-type-post_type menu-item-object-page menu-item-home menu-item-991\"><a href=\"https:\/\/waermeverbund-stniklaus.ch\/\">Startseite<\/a><\/li>\n<li class=\"menu-item menu-item-type-post_type menu-item-object-page menu-item-992\"><a href=\"https:\/\/waermeverbund-stniklaus.ch\/?page_id=676\">Die Genossenschaft<\/a><\/li>\n<li class=\"menu-item menu-item-type-post_type menu-item-object-page menu-item-993\"><a href=\"https:\/\/waermeverbund-stniklaus.ch\/?page_id=685\">Die Fernheizung<\/a><\/li>\n<li class=\"menu-item menu-item-type-post_type menu-item-object-page menu-item-994\"><a href=\"https:\/\/waermeverbund-stniklaus.ch\/?page_id=703\">Ihr Anschluss<\/a><\/li>\n<li class=\"menu-item menu-item-type-post_type menu-item-object-page menu-item-995\"><a href=\"https:\/\/waermeverbund-stniklaus.ch\/?page_id=787\">Kontakt<\/a><\/li>\n<\/ul><\/nav>\t\t<\/div>\n\t\t\t\t<\/div>\n\t\t\t\t\t<\/div>\n\t\t<\/div>\n\t\t\t\t\t\t\t<\/div>\n\t\t<\/section>\n\t\t\t\t<section class=\"has_ma_el_bg_slider elementor-section elementor-top-section elementor-element elementor-element-79934a63 elementor-section-boxed elementor-section-height-default elementor-section-height-default jltma-glass-effect-no\" data-id=\"79934a63\" data-element_type=\"section\" data-settings=\"{&quot;background_background&quot;:&quot;classic&quot;}\">\n\t\t\t\t\t\t<div class=\"elementor-container elementor-column-gap-wider\">\n\t\t\t\t\t<div class=\"has_ma_el_bg_slider elementor-column elementor-col-50 elementor-top-column elementor-element elementor-element-728d75b jltma-glass-effect-no\" data-id=\"728d75b\" data-element_type=\"column\">\n\t\t\t<div class=\"elementor-widget-wrap elementor-element-populated\">\n\t\t\t\t\t\t\t\t<div class=\"elementor-element elementor-element-3f0361b2 jltma-glass-effect-no elementor-widget elementor-widget-image\" data-id=\"3f0361b2\" data-element_type=\"widget\" data-widget_type=\"image.default\">\n\t\t\t\t<div class=\"elementor-widget-container\">\n\t\t\t<style>\/*! elementor - v3.6.7 - 03-07-2022 *\/\n.elementor-widget-image{text-align:center}.elementor-widget-image a{display:inline-block}.elementor-widget-image a img[src$=\".svg\"]{width:48px}.elementor-widget-image img{vertical-align:middle;display:inline-block}<\/style>\t\t\t\t\t\t\t\t\t\t\t\t<img decoding=\"async\" width=\"640\" height=\"480\" src=\"https:\/\/waermeverbund-stniklaus.ch\/wp-content\/uploads\/2022\/07\/Schmidofen-1-1.jpg\" class=\"attachment-large size-large\" alt=\"\" loading=\"lazy\" srcset=\"https:\/\/waermeverbund-stniklaus.ch\/wp-content\/uploads\/2022\/07\/Schmidofen-1-1.jpg 640w, https:\/\/waermeverbund-stniklaus.ch\/wp-content\/uploads\/2022\/07\/Schmidofen-1-1-300x225.jpg 300w\" sizes=\"(max-width: 640px) 100vw, 640px\" \/>\t\t\t\t\t\t\t\t\t\t\t\t\t\t\t<\/div>\n\t\t\t\t<\/div>\n\t\t\t\t\t<\/div>\n\t\t<\/div>\n\t\t\t\t<div class=\"has_ma_el_bg_slider elementor-column elementor-col-50 elementor-top-column elementor-element elementor-element-b6b2c55 jltma-glass-effect-no\" data-id=\"b6b2c55\" data-element_type=\"column\" data-settings=\"{&quot;animation&quot;:&quot;none&quot;}\">\n\t\t\t<div class=\"elementor-widget-wrap elementor-element-populated\">\n\t\t\t\t\t\t\t\t<div class=\"elementor-element elementor-element-5e1e618 jltma-glass-effect-no elementor-widget elementor-widget-heading\" data-id=\"5e1e618\" data-element_type=\"widget\" data-widget_type=\"heading.default\">\n\t\t\t\t<div class=\"elementor-widget-container\">\n\t\t\t<style>\/*! elementor - v3.6.7 - 03-07-2022 *\/\n.elementor-heading-title{padding:0;margin:0;line-height:1}.elementor-widget-heading .elementor-heading-title[class*=elementor-size-]>a{color:inherit;font-size:inherit;line-height:inherit}.elementor-widget-heading .elementor-heading-title.elementor-size-small{font-size:15px}.elementor-widget-heading .elementor-heading-title.elementor-size-medium{font-size:19px}.elementor-widget-heading .elementor-heading-title.elementor-size-large{font-size:29px}.elementor-widget-heading .elementor-heading-title.elementor-size-xl{font-size:39px}.elementor-widget-heading .elementor-heading-title.elementor-size-xxl{font-size:59px}<\/style><h3 class=\"elementor-heading-title elementor-size-default\">DIE FERNHEIZUNG<\/h3>\t\t<\/div>\n\t\t\t\t<\/div>\n\t\t\t\t<div class=\"elementor-element elementor-element-65b0b71 jltma-glass-effect-no elementor-widget elementor-widget-text-editor\" data-id=\"65b0b71\" data-element_type=\"widget\" data-widget_type=\"text-editor.default\">\n\t\t\t\t<div class=\"elementor-widget-container\">\n\t\t\t<style>\/*! elementor - v3.6.7 - 03-07-2022 *\/\n.elementor-widget-text-editor.elementor-drop-cap-view-stacked .elementor-drop-cap{background-color:#818a91;color:#fff}.elementor-widget-text-editor.elementor-drop-cap-view-framed .elementor-drop-cap{color:#818a91;border:3px solid;background-color:transparent}.elementor-widget-text-editor:not(.elementor-drop-cap-view-default) .elementor-drop-cap{margin-top:8px}.elementor-widget-text-editor:not(.elementor-drop-cap-view-default) .elementor-drop-cap-letter{width:1em;height:1em}.elementor-widget-text-editor .elementor-drop-cap{float:left;text-align:center;line-height:1;font-size:50px}.elementor-widget-text-editor .elementor-drop-cap-letter{display:inline-block}<\/style>\t\t\t\t<p><span style=\"font-size: 11.0pt; mso-ascii-font-family: Calibri; mso-hansi-font-family: Calibri; mso-bidi-font-family: Calibri; color: #050707;\">Unsere moderne Anlage verf\u00fcgt \u00fcber zwei Holzheizkessel mit 900 kW bzw. 550 kW Leistung. Dazu sind 2 Heisswasserspeicher von je 12&#8217;000 Liter installiert. Das Schnitzelsilo hat ein Volumen von rund 400m<sup>3<\/sup>. Pro Jahr betr\u00e4gt die Gesamtw\u00e4rmemenge 4&#8217;000 MWh. \u00dcber die Fernleitungen wird der Energiebedarf den Bez\u00fcgern f\u00fcr ihre Heizung und f\u00fcr ihr Warmwasser zur Verf\u00fcgung gestellt.\u00a0<\/span><span style=\"font-size: 11pt;\">Die Anlage wird professionell gewartet. Der Betrieb wird mit einem 365\/24h Pikettdienst sichergestellt.<\/span><\/p><p><span style=\"font-size: 11.0pt; mso-ascii-font-family: Calibri; mso-hansi-font-family: Calibri; mso-bidi-font-family: Calibri; color: #050707; mso-style-textoutline-type: none; mso-style-textoutline-outlinestyle-dpiwidth: .75pt; mso-style-textoutline-outlinestyle-linecap: round; mso-style-textoutline-outlinestyle-join: bevel; mso-style-textoutline-outlinestyle-pctmiterlimit: 0%; mso-style-textoutline-outlinestyle-dash: solid; mso-style-textoutline-outlinestyle-align: center; mso-style-textoutline-outlinestyle-compound: simple;\">Das Holz (Schnitzel) zum Heizen stammt aus der Region Koppigen. Allein die Burgergemeinde besitzt rund um Koppigen 80 ha Wald. Mit der aus einheimischem Holz produzierten W\u00e4rme, k\u00f6nnen in Koppigen j\u00e4hrlich \u00fcber 240\u2019000 Liter Heiz\u00f6l und 625 Tonnen CO2 eingespart werden. Mit lokalen Lieferanten und Handwerker wird ein Beitrag zur regionalen Wertscho\u0308pfung geleistet. Die kurzen Transportwege vom Wald zur Heizung helfen mit, eine optimale \u00d6kobilanz f\u00fcr den W\u00e4rmeverbund zu erzielen.<\/span><\/p>\t\t\t\t\t\t<\/div>\n\t\t\t\t<\/div>\n\t\t\t\t<div class=\"elementor-element elementor-element-37d1ec1 jltma-glass-effect-no elementor-widget elementor-widget-button\" data-id=\"37d1ec1\" data-element_type=\"widget\" data-widget_type=\"button.default\">\n\t\t\t\t<div class=\"elementor-widget-container\">\n\t\t\t\t\t<div class=\"elementor-button-wrapper\">\n\t\t\t<a href=\"https:\/\/waermeverbund-stniklaus.ch\/?page_id=639\" class=\"elementor-button-link elementor-button elementor-size-lg\" role=\"button\">\n\t\t\t\t\t\t<span class=\"elementor-button-content-wrapper\">\n\t\t\t\t\t\t<span class=\"elementor-button-text\">FOTOGALERIE<\/span>\n\t\t<\/span>\n\t\t\t\t\t<\/a>\n\t\t<\/div>\n\t\t\t\t<\/div>\n\t\t\t\t<\/div>\n\t\t\t\t\t<\/div>\n\t\t<\/div>\n\t\t\t\t\t\t\t<\/div>\n\t\t<\/section>\n\t\t\t\t<section class=\"has_ma_el_bg_slider elementor-section elementor-top-section elementor-element elementor-element-2310a634 elementor-section-height-min-height elementor-section-boxed elementor-section-height-default elementor-section-items-middle jltma-glass-effect-no\" data-id=\"2310a634\" data-element_type=\"section\">\n\t\t\t\t\t\t<div class=\"elementor-container elementor-column-gap-narrow\">\n\t\t\t\t\t<div class=\"has_ma_el_bg_slider elementor-column elementor-col-100 elementor-top-column elementor-element elementor-element-a2e9183 jltma-glass-effect-no\" data-id=\"a2e9183\" data-element_type=\"column\">\n\t\t\t<div class=\"elementor-widget-wrap elementor-element-populated\">\n\t\t\t\t\t\t\t\t<div class=\"elementor-element elementor-element-4cc77708 elementor-position-top elementor-vertical-align-top jltma-glass-effect-no elementor-widget elementor-widget-image-box\" data-id=\"4cc77708\" data-element_type=\"widget\" data-widget_type=\"image-box.default\">\n\t\t\t\t<div class=\"elementor-widget-container\">\n\t\t\t<style>\/*! elementor - v3.6.7 - 03-07-2022 *\/\n.elementor-widget-image-box .elementor-image-box-content{width:100%}@media (min-width:768px){.elementor-widget-image-box.elementor-position-left .elementor-image-box-wrapper,.elementor-widget-image-box.elementor-position-right .elementor-image-box-wrapper{display:-webkit-box;display:-ms-flexbox;display:flex}.elementor-widget-image-box.elementor-position-right .elementor-image-box-wrapper{text-align:right;-webkit-box-orient:horizontal;-webkit-box-direction:reverse;-ms-flex-direction:row-reverse;flex-direction:row-reverse}.elementor-widget-image-box.elementor-position-left .elementor-image-box-wrapper{text-align:left;-webkit-box-orient:horizontal;-webkit-box-direction:normal;-ms-flex-direction:row;flex-direction:row}.elementor-widget-image-box.elementor-position-top .elementor-image-box-img{margin:auto}.elementor-widget-image-box.elementor-vertical-align-top .elementor-image-box-wrapper{-webkit-box-align:start;-ms-flex-align:start;align-items:flex-start}.elementor-widget-image-box.elementor-vertical-align-middle .elementor-image-box-wrapper{-webkit-box-align:center;-ms-flex-align:center;align-items:center}.elementor-widget-image-box.elementor-vertical-align-bottom .elementor-image-box-wrapper{-webkit-box-align:end;-ms-flex-align:end;align-items:flex-end}}@media (max-width:767px){.elementor-widget-image-box .elementor-image-box-img{margin-left:auto!important;margin-right:auto!important;margin-bottom:15px}}.elementor-widget-image-box .elementor-image-box-img{display:inline-block}.elementor-widget-image-box .elementor-image-box-title a{color:inherit}.elementor-widget-image-box .elementor-image-box-wrapper{text-align:center}.elementor-widget-image-box .elementor-image-box-description{margin:0}<\/style><div class=\"elementor-image-box-wrapper\"><figure class=\"elementor-image-box-img\"><img decoding=\"async\" width=\"72\" height=\"126\" src=\"https:\/\/waermeverbund-stniklaus.ch\/wp-content\/uploads\/2022\/07\/Logo.jpg\" class=\"attachment-full size-full\" alt=\"\" loading=\"lazy\" \/><\/figure><div class=\"elementor-image-box-content\"><h3 class=\"elementor-image-box-title\">Genossenschaft W\u00e4rmeverbund St. Niklaus, Koppigen<\/h3><\/div><\/div>\t\t<\/div>\n\t\t\t\t<\/div>\n\t\t\t\t\t<\/div>\n\t\t<\/div>\n\t\t\t\t\t\t\t<\/div>\n\t\t<\/section>\n\t\t\t\t\t\t\t<\/div>\n\t\t","protected":false},"excerpt":{"rendered":"<p>DIE FERNHEIZUNG Unsere moderne Anlage verf\u00fcgt \u00fcber zwei Holzheizkessel mit 900 kW bzw. 550 kW Leistung. Dazu sind 2 Heisswasserspeicher von je 12&#8217;000 Liter installiert. Das Schnitzelsilo hat ein Volumen von rund 400m3. Pro Jahr betr\u00e4gt die Gesamtw\u00e4rmemenge 4&#8217;000 MWh. \u00dcber die Fernleitungen wird der Energiebedarf den Bez\u00fcgern f\u00fcr ihre Heizung und f\u00fcr ihr Warmwasser [&hellip;]<\/p>\n","protected":false},"author":15,"featured_media":0,"parent":0,"menu_order":0,"comment_status":"closed","ping_status":"closed","template":"","meta":[],"_links":{"self":[{"href":"https:\/\/waermeverbund-stniklaus.ch\/index.php?rest_route=\/wp\/v2\/pages\/685"}],"collection":[{"href":"https:\/\/waermeverbund-stniklaus.ch\/index.php?rest_route=\/wp\/v2\/pages"}],"about":[{"href":"https:\/\/waermeverbund-stniklaus.ch\/index.php?rest_route=\/wp\/v2\/types\/page"}],"author":[{"embeddable":true,"href":"https:\/\/waermeverbund-stniklaus.ch\/index.php?rest_route=\/wp\/v2\/users\/15"}],"replies":[{"embeddable":true,"href":"https:\/\/waermeverbund-stniklaus.ch\/index.php?rest_route=%2Fwp%2Fv2%2Fcomments&post=685"}],"version-history":[{"count":80,"href":"https:\/\/waermeverbund-stniklaus.ch\/index.php?rest_route=\/wp\/v2\/pages\/685\/revisions"}],"predecessor-version":[{"id":1466,"href":"https:\/\/waermeverbund-stniklaus.ch\/index.php?rest_route=\/wp\/v2\/pages\/685\/revisions\/1466"}],"wp:attachment":[{"href":"https:\/\/waermeverbund-stniklaus.ch\/index.php?rest_route=%2Fwp%2Fv2%2Fmedia&parent=685"}],"curies":[{"name":"wp","href":"https:\/\/api.w.org\/{rel}","templated":true}]}}